mmon divisor of 5497 and p.
23
Let c(v) = 19*v - 32. Let k(t) = -t**3 - 4*t**2 - 6*t - 2. Let w be k(-2). Let g be c(w). What is the greatest common divisor of 6 and g?
6
Let b = -282 - -477. Let w = b + -191. Suppose -52 = -2*r + 2*f, -4*f + 116 = 4*r - 2*f. What is the highest common factor of w and r?
4
Suppose -447 = -17*n + 80. Suppose 0 = -n*u + 84 + 10301. What is the greatest common divisor of 5 and u?
5
Suppose 2195 - 497 = 16*p - 7966. What is the highest common factor of 1359 and p?
151
Suppose -87 = -17*y + 2565. Suppose 226 = 3*o + 4*r, -2*o = -4*o + 2*r + 160. Suppose -b - o = -3*b. Calculate the highest common divisor of b and y.
39
Let b be 6/69 + 156/(-1794) + -2 + 10. What is the greatest common divisor of 16 and b?
8
Let t(s) = -7*s**3 - 2*s**2 - 70*s - 213. Let y be t(-3). Calculate the highest common factor of y and 2940.
84
Let w(d) = -d**3 + 24*d**2 + 256*d + 30. Let g be w(32). What is the greatest common factor of 1590 and g?
30
Suppose -7*x + 13*x - 240 = 0. Suppose -4*c + 592 = 5*h, -4*c - x - 88 = -h. What is the highest common divisor of h and 20?
20
Let y = -72 - -79. Suppose 0 = y*z - 23*z + 64. Calculate the greatest common factor of z and 188.
4
Let b be ((-322)/49)/((-4)/(-84))*116/(-6). Calculate the greatest common divisor of b and 276.
92
Let m = -14069 + 14257. Let v(w) = -47*w**3 + w + 1. Let a be v(-1). What is the greatest common factor of m and a?
47
Let w be 18/6*14/6. Let x(o) = 23*o - 140. Let p be x(7). Calculate the highest common divisor of w and p.
7
Let h be 3/15 - 58/(-10). Suppose 2640 = 4*x + 2580. Calculate the greatest common divisor of x and h.
3
Let g = -449 + 172. Let n = -130 - g. What is the greatest common factor of n and 21?
21
Suppose -5*j + 3*k = 591, 38*k - 37*k = -j - 123. Let z be (j/75)/((-2)/5). Calculate the greatest common divisor of z and 46.
2
Let x = 8 + -2. Let q be -12*(20/(-9) - (-14)/63). Suppose -4*z + 2*z = -q. What is the greatest common factor of z and x?
6
Let p(o) = 19*o**3 + o**2 + 15*o - 15. Let z be p(1). Let v be ((-3)/(-4))/(2/(-208)). Let l = 2 - v. Calculate the greatest common divisor of l and z.
20
Suppose 0 = -2*j + 2. Let i = 140 + -126. Let d be 4/6*24*7/i. What is the highest common divisor of d and j?
1
Let r = -62 - -50. Let m = 48 + -52. Let d be m - (4 + r) - -149. Calculate the greatest common divisor of 17 and d.
17
Let f = 49 - 44. Suppose f*c + 14 = h, -2 = -2*h + 4*c + 20. Suppose h*p - 675 = 4*p. Calculate the greatest common divisor of p and 15.
15
Suppose 4*g = 5*k + 2115, 720*g = 715*g - 4*k + 2613. Calculate the highest common factor of g and 1200.
75
Suppose -44*m + 39*m = -2*l - 1020, -2*m + 408 = -5*l. What is the highest common divisor of 6800 and m?
68
Let x = -7715 - -7716. What is the greatest common divisor of x and 313?
1
Let j(y) = 4*y - 10. Let r be j(4). Let w(h) = 5 - h + r*h**3 - 5*h**3 + 6*h**2 - 1. Let p be w(-6). Calculate the greatest common divisor of p and 30.
10
Let q be (-9 + 1)*45/(-90). Suppose q = -237*p + 239*p. What is the greatest common factor of 82 and p?
2
Suppose -6*y + 5 = 329. Let r = y - -177. What is the greatest common divisor of 164 and r?
41
Suppose -50 = -15*s + 25*s. Let w be ((-16)/6)/(s/120). Calculate the highest common divisor of w and 160.
32
Suppose -25*p + 6*p + 443 + 469 = 0. Calculate the highest common divisor of p and 8000.
16
Let u(a) = -1077*a - 1112. Let r be u(-4). What is the greatest common factor of r and 564?
188
Suppose 80 = -192*j + 193*j - 2*v, -j = 5*v - 24. Calculate the highest common factor of 20512 and j.
32
Suppose -a = -4*y + 696, 2*y + 90*a = 93*a + 338. Suppose 3*i - 96 = -3*n, -4*n + i + 3*i + 152 = 0. What is the greatest common divisor of n and y?
35
Suppose 0 = -4*a + 4*t + 24632, -256*a - t = -252*a - 24612. What is the greatest common divisor of 181 and a?
181
Suppose -566 = 16*o + 2346. Let m = o - -183. Calculate the highest common divisor of 1 and m.
1
Let n(x) = -46*x**2 + 4*x - 3. Let i be n(1). Let y = -43 - i. Suppose -3*r + v = y*v - 25, -4*v - 8 = 0. What is the greatest common factor of r and 27?
9
Suppose -5*q - 118 = -2*h, 96 + 6 = 2*h + 3*q. Suppose 2*p - 179 = 55. Calculate the greatest common divisor of p and h.
9
Suppose 0 = v - 5*v + 532. Let a be 1*2/10 + 1887/15. Let b = v - a. Calculate the highest common factor of b and 49.
7
Let m = -31 + 64. Suppose -8 = -16*d + 14*d. Suppose -6*b + 268 = d. Calculate the highest common factor of b and m.
11
Let q = 696 - 491. Let u = -197 + q. What is the greatest common factor of 56 and u?
8
Let v = 1078020 - 1077970. Suppose 2*i + 2*d = 270, 2*d = -4*i + 780 - 250. Calculate the greatest common factor of v and i.
10
Let p = 44 - -111. Let o = p - 110. Let m be (o/(-6))/(2/(-20)). Calculate the highest common factor of 30 and m.
15
Suppose 0 = -18*l + 13*l. Suppose 4*k + 34 = 5*a - 0*a, l = 2*a + 3*k - 9. Let n be 1/a - 33/(-18). What is the greatest common factor of n and 10?
2
Suppose -9*l - 2260 = -685. Let o = l + 117. Let i = 70 + o. What is the highest common divisor of i and 16?
4
Let t be -1 + 7 + (70/(-7)*-1 - -36). What is the highest common divisor of t and 16?
4
Suppose 34*i + 3318 = 87*i + 26*i. What is the highest common divisor of 36 and i?
6
Let n(l) = -6*l**2 - 115*l**3 + 20 - 2*l + 116*l**3 + 2*l + 16*l. Let t be n(6). Calculate the highest common factor of 87 and t.
29
Let k = -1991 - -2011. Calculate the greatest common divisor of k and 700.
20
Suppose 9 = y + 2. Let b(z) = -z**2 + 9*z. Let f be b(y). Suppose -f*p = p - 2400. What is the highest common factor of 20 and p?
20
Suppose -5*g + 3*s = -10*g + 24, 4*s - 24 = -4*g. Suppose -z + g*z + 102 = 0. Let v = -18 - z. Calculate the greatest common factor of v and 11.
11
Suppose 4*m + 3*s - 2732 = 0, -244*m - 3*s + 2052 = -241*m. Calculate the greatest common divisor of 240 and m.
40
Let z(q) = 2*q**3 - 2*q**2 - 5*q + 3. Let l be z(3). Suppose 120 = 6*u + 4*u. Suppose -u = 274*c - 276*c. Calculate the highest common divisor of l and c.
6
Let b be -1 - (-223 - (1 - -1)). Let h = 0 - 6. Let j(k) = -k**2 - 10*k - 10. Let t be j(h). Calculate the greatest common divisor of b and t.
14
Let k be -1*(-1210)/(-8) + 4/16. Let x = 178 + k. Suppose 0*m + 5*m = 810. What is the greatest common divisor of m and x?
27
Let l = -451 - -700. Let u = -247 + l. What is the highest common divisor of u and 13?
1
Let l be ((-4)/(-6))/(-2)*0. Suppose l*p = -6*p + 36. Calculate the highest common factor of p and 34.
2
Let h be ((-10860)/(-18))/2 - ((-21)/9 + 3). What is the highest common factor of h and 3139?
43
Suppose -2*u + 47 = 3*o, -5*o + 7*u + 69 = 8*u. Let r be (-13 - o)*2*(-21)/4. Calculate the greatest common factor of r and 78.
39
Suppose -4*n + 29 + 1159 = 0. Let u(q) = -q**3 - 20*q**2 + 98*q + 1199. Let t be u(-22). What is the highest common divisor of t and n?
11
Suppose 0*v + v = -b + 1211, 5*v - 6095 = 5*b. Calculate the greatest common divisor of 45 and v.
45
Let d(u) = 6*u + 45. Let f be d(-7). Suppose z = -f*j + 76, -5*z - 5*j + 3*j = -341. What is the greatest common factor of z and 1072?
67
Suppose 312*q - 363*q = 4385 - 27947. Calculate the greatest common divisor of 378 and q.
42
Suppose 5*p - 243 = -a + 2126, 4*a = 3*p - 1403. Let o = 789 - p. Let r = o - 186. What is the greatest common factor of r and 26?
26
Suppose 737*p - 124852 + 14141 = 23423. Calculate the highest common factor of 1344 and p.
14
Suppose h + 5*u - 256 = 2*h, h + 2*u + 235 = 0. Let n = h - -245. Suppose 30 = b + 4*b - 2*w, w = 0. Calculate the highest common factor of n and b.
2
Let a(l) be the third derivative of -5*l**4/24 + 82*l**3/3 - 3*l**2 + 18. Let v be a(31). What is the highest common factor of v and 15?
3
Let q be 6/123 + 1008/(-492) - 66*-451. What is the greatest common divisor of q and 28?
28
Let o be (1/3)/(15/9 + -2). Let q be (0 - o)/((6 + -7)/(-2)). Let m be 4/((-16)/(-20))*q. Calculate the greatest common divisor of m and 70.
10
Let j be ((-35)/(-14) + -3)/(2/528). Let b = j - -144. Suppose 2 = -x + 2*l, 6*l = l + 15. What is the highest common divisor of x and b?
4
Let c = 20 - -22. Suppose -2*i = d - 72, -2*i - 3*d + 56 = -24. Let b be i/5 - 20/25. Calculate the greatest common divisor of c and b.
6
Let o(b) = 103*b**2 + 18*b - 66. Le